6 = 0. Suppose 3*a - 3*s = s + u, 0 = -5*s + 5. Is a a multiple of 7?
False
Let r(o) = -o**2 + 12*o + 6. Let i be r(11). Let n = 82 + i. Is 9 a factor of n?
True
Let r = 22 - 12. Suppose r + 0 = -j. Is 11 a factor of (-1)/1 + (6 - j)?
False
Suppose 0 = -3*s - 0*s - 5*a + 43, 3*a = -2*s + 28. Suppose 0 = 4*o - s*o + 1470. Does 50 divide o?
False
Let m be (-4)/4*4 + 16. Does 2 divide 136/m - 1 - (-12)/(-9)?
False
Suppose 2*c = 3*c - 5*q - 33, 3*c + 2*q = 167. Let m = -32 + c. Is m a multiple of 5?
False
Suppose 202*v - 199*v = 15. Let t(l) be the third derivative of -l**5/30 + l**4/2 + l**3/6 - l**2. Is t(v) a multiple of 4?
False
Let f = -122 - -193. Let r = 85 - f. Is 2 a factor of r?
True
Let u be -3*(-3)/(-9)*7. Let c be (-30)/u*42/9. Suppose 4*k = p - c, 0 = -2*p - 3*k + 15 + 14. Does 8 divide p?
True
Let p = 325 + -134. Suppose p = 3*u - 232. Is 47 a factor of u?
True
Let k(o) = 93*o**2 + 16*o + 34. Is 18 a factor of k(-4)?
True
Suppose -4*b + 0*b = -3*m + 9, -3*b + 3*m = 9. Let k = -52 + 276. Suppose -f = 5*w - k, -3*w - f + 134 = -b*f. Does 41 divide w?
False
Let t(r) = -28 - 43 + 8*r + 15. Is 2 a factor of t(8)?
True
Let i(x) be the second derivative of -x**3/6 + 15*x**2 - 11*x. Is 13 a factor of i(7)?
False
Does 12 divide -6 + 7 + 1020 + -1?
True
Let h(v) = 2*v**2 + 4*v + 6. Suppose -2*l = 3*l - 15. Suppose l*n = -2*s - 12, -1 = 2*s + 2*n + 9. Does 4 divide h(s)?
True
Suppose -5*p + 8*l - 4*l = 15, -2*l = 0. Is 15 a factor of (-5)/p*24*3?
True
Let i = -7 + 25. Suppose 0 = -3*y + l + i, -3*y + 4*l + 23 = 2*y. Does 2 divide y?
False
Let z = -77 - -80. Suppose z*q - 42 = -t, 6*t - 152 = 2*t + 4*q. Does 10 divide t?
False
Let k = 413 + -376. Is k even?
False
Suppose -44*f + 6 = -41*f. Suppose f*a - c - 260 = -3*c, -4*a + 4*c = -560. Does 27 divide a?
True
Suppose 5*v - 14 = -44. Let m(b) = 2*b + 2 - 4*b**2 + 0*b**3 - 4 - b**3. Is 29 a factor of m(v)?
True
Let d(t) = -2*t**2 + 4. Let o be d(-6). Let n = -568 + o. Does 37 divide 2/(-3) - n/9?
False
Let w = -12 - -24. Let p(n) = 3*n - 9. Let j be p(5). Suppose w = j*q - 18. Is q a multiple of 5?
True
Let m(r) = 2*r**3 + 2*r**2 + 4*r - 4. Is m(3) a multiple of 4?
True
Let m(f) = f**3 + 29*f**2 - 34*f + 30. Is m(-30) a multiple of 33?
False
Let b = 22 + -20. Suppose 2*p = 2*r, 0 = b*r - p - 2*p. Suppose -4*a + 356 - 68 = r. Is a a multiple of 12?
True
Suppose -5*u + 5*b = 160, 2*b + 116 = -3*u - 0*b. Let o = 13 - u. Does 12 divide o?
False
Suppose 3*i - 73 = 5*r + 2*i, 4*i = -4*r - 44. Let z be 20*(r/4 + 0). Is (-19)/(-7) + (-20)/z a multiple of 3?
True
Let d be (-1)/6*-4*231/(-22). Let h(j) = -j**3 - 3*j**2 + 9*j + 14. Does 40 divide h(d)?
False
Let v(x) = -x**3 + 26*x**2 + 29*x - 30. Let q be v(27). Suppose 0 = q*m - 30*m + 1020. Is m a multiple of 11?
False
Let p = 24 - 20. Suppose p*k - 1200 = -6*k. Is k a multiple of 24?
True
Let c = 225 - 93. Suppose -4*y = -2*r + 66, -2*r = 2*r - y - c. Does 16 divide (-182)/(-3) + 11/r?
False
Let j = 50 + -164. Let v = j + 62. Let o = -35 - v. Does 8 divide o?
False
Let b = 576 - 581. Suppose 5*j = -0*j + 425. Let v = j + b. Does 13 divide v?
False
Let o(w) = -2*w**3 - 11*w**2 - 7*w + 6. Let l(y) = -3*y**2 + 2*y + 2. Let q be l(2). Is 11 a factor of o(q)?
False
Let m(i) be the first derivative of -i**3/3 + 7*i**2/2 - 2*i + 8. Is 3 a factor of m(4)?
False
Suppose -3*y - 3*q + 24 = 2*y, 2 = -y - 4*q. Suppose d - 35 = -w, -1 = -4*w - 5. Let r = d + y. Is 12 a factor of r?
False
Suppose -671 = -5*c + 3*h, 0 - 125 = -c - 4*h. Is 42 a factor of c?
False
Let d = -541 - -764. Does 28 divide d?
False
Let b = 7 + -7. Suppose k - 5 = b, 2*k = -y + 7*k - 25. Suppose 2*s = 3*j + 40, 4*s + y*s - j - 90 = 0. Is 9 a factor of s?
False
Let u = -96 - -55. Let c = -10 - u. Is 4 a factor of c?
False
Let j be 15/(-6)*12/(-10). Let r(s) = s**3 + s**2 - 4*s - 3. Is 21 a factor of r(j)?
True
Is 83145/30 + -11 - 2/4 a multiple of 23?
True
Suppose 5*l - 11*c + 6*c = 3350, -1335 = -2*l + c. Is 35 a factor of l?
True
Let v(s) = -10*s**3 - 3*s**2 - 14*s - 21. Is 4 a factor of v(-2)?
False
Let w be 3/12 + (-118)/(-8). Suppose -5*f = -5 + w. Does 17 divide (f - -73) + 0 + -3?
True
Let v = 969 + -640. Does 16 divide v?
False
Suppose -2*q + w + 8 = 0, 5*q + w = 3*q. Suppose -11 = -f + 5*g, -q*g - 20 = -f - 0*f. Is f a multiple of 13?
True
Let j be (-3 + -171)/(-2) + -2. Suppose 3*d - j = -2*d. Let i = d + 9. Is 26 a factor of i?
True
Let d = 6 - 6. Suppose o - 15 = 4*q, 5*q + 36 = 5*o + 6. Suppose d = 4*m + o*b - 47, b = -m - 0*m + 13. Does 3 divide m?
False
Let b(c) = -c**2 + 11*c + 2. Let k be 7 + (-2)/(-1) + -4. Suppose 0 = 3*j - k*j + 20. Does 6 divide b(j)?
True
Let t be (1/2)/(23/322). Suppose -z = -23 - t. Does 30 divide z?
True
Let v(x) = x**3 + 4*x**2 - 4*x - 5. Let n be v(-5). Let f(y) = y**2 + 9*y + 2. Let k be f(n). Let s = k + -9. Is 3 a factor of s?
True
Suppose h - 1184 = -4*m, 5*h + 5*m - 3363 - 2572 = 0. Does 22 divide h?
True
Let f(p) = 8*p**3 - p**2 - 3*p - 9. Let h be f(-3). Let g = h - -468. Is g a multiple of 11?
False
Let j = -128 + 196. Is 5 a factor of j?
False
Suppose 0 = 8*r - 6*r - 10. Suppose -r*u - 5 = -65. Is 4 a factor of u?
True
Let o = 23 + -17. Is 17 a factor of 83*(3 - o)/(-3)?
False
Suppose 8*n - 2*n = 24. Suppose 2*h + 3*f - 71 = 0, 0 = n*h - 3*f - 81 - 88. Is 20 a factor of h?
True
Let o be 2/(4/14) + 21 + -25. Is 9 a factor of (-7 + 3 + o)*-104?
False
Suppose -2484 = -2*s - 4*r, -3*s + 3958 - 232 = -5*r. Does 27 divide s?
True
Let l be (-4)/(-3)*-3 - 4 - 0. Is 2/(-8) + (-1570)/l + -3 a multiple of 17?
False
Let b(j) = -12*j**3 - 5*j**2 - 4*j - 4. Let p be (-51)/21 - (-9)/21. Is b(p) a multiple of 16?
True
Suppose 2*u + 5*p - 164 = 813, -4*u = 5*p - 1929. Does 17 divide u?
True
Let f(j) = 91*j**3 - 2*j**2 + 7*j - 8. Does 6 divide f(2)?
True
Let a(b) = 4*b**2 - 6*b - 10. Let p be (-4)/(-10)*(-17 - -7). Does 26 divide a(p)?
True
Suppose 2*c = -5*p + p - 26, -5*p - 25 = -5*c. Let a = p + 11. Suppose a*d - 35 - 265 = 0. Is 15 a factor of d?
True
Let i(j) = -j**2 - 7*j - 7. Let w be i(-5). Let v(p) = -3*p**2 + 29*p - 22. Let x(a) = -2*a**2 + 15*a - 11. Let o(n) = w*v(n) - 5*x(n). Is 2 a factor of o(-13)?
True
Suppose 0 = -q + b + b + 5, q - 6 = 3*b. Let l = q - 1. Suppose -p + 0*p + 214 = 3*w, -5*p - 120 = -l*w. Does 30 divide w?
False
Does 15 divide (3 - (-33)/(-6))*-888?
True
Suppose -4*c + 2*c + 6 = 0. Suppose c*x - 5*t - 5 = -1, -3*x - 5*t = -14. Does 2 divide 2*(x - (-5)/10)?
False
Let z = 1339 - -669. Does 61 divide z?
False
Let l(d) = d**3 + 4*d**2 + d + 6. Let u be l(-4). Suppose -u*r - 8 = 0, -10 + 2 = 3*a - 4*r. Let t = a - -56. Is t a multiple of 7?
False
Let t be (-3)/(2/5 - 1). Suppose 9 = -i - 0*l + 4*l, 70 = t*i + 3*l. Suppose 5*g - i = 74. Is 4 a factor of g?
False
Let t = 6 - 2. Suppose t - 52 = -c - 2*l, 4*l - 176 = -4*c. Is c a multiple of 8?
True
Let z be 7/(-3)*(-3)/1. Suppose -z*g = -338 - 26. Is g a multiple of 12?
False
Let t(c) = -7*c**2 - c + 1745. Is t(0) a multiple of 21?
False
Suppose 0 = 2*v - 4*a - 64, -186 = -2*v - 3*v - 3*a. Is 4 a factor of v?
True
Let b = 2058 - 1195. Does 6 divide b?
False
Let l(w) = -w**3 - 5*w**2 + 6*w + 4. Let u be l(-6). Suppose -3*r = -u*r + 90. Suppose r = 2*h + 3*h. Is h a multiple of 6?
True
Let b = -5 - -10. Suppose 9 - b = 4*a. Is 10 a factor of (9 + a)/((-1)/(-2))?
True
Let r(k) = -23*k + 292. Is 29 a factor of r(-13)?
False
Suppose 4*a = 51*a - 52875. Is a a multiple of 11?
False
Let l = 105 - 100. Is 4 a factor of (-378)/(-10) - l/(-25)?
False
Suppose 4*t + 3*j - 642 = 0, -t = -2*t - 3*j + 156. Does 8 divide t?
False
Let o(n) = 10*n**3 - 4*n**2 + 2*n. Let s be o(2). Let w = 20 - s. Let r = w + 70. Is r a multiple of 6?
False
Suppose -3*h = q - 246, 9*h - 4*h = 5*q - 1150. Is q a multiple of 9?
True
Is 2/11 + 924/242 a multiple of 2?
True
Suppose -2*n - 2*p - 71 = -241, n = -2*p + 90. Let g = n + -12. Is 34 a factor of g?
True
Suppose 3*x + 4*x + 1407 = 0. Let o = -110 - x. Does 13 divide o?
True
Let j = -48 - -37. Let p = j + 47. Does 12 divide p?
True
Let a(j) = -j**2 + 8*j + 2. Let u be a(8). Suppose u*b = 5*d - 50, 0 = -5*d - 7*b + 2*b + 50. Let i = 14 + d. Is 5 a factor of i?
False
Let g = -272 - -308. Does 26 divide g?
False
Suppose 3*p - 27 = -30. Let i = p + 48. Is i a multip